k*i. Let s = i + -28. What is the units digit of s?
0
Let r = 972 + 1339. What is the hundreds digit of r?
3
Let h = 3301 - -1794. What is the units digit of h?
5
Let b(p) = 4*p**2 + 19*p + 14. Let q be b(-4). What is the tens digit of 1309/22*(q + 0)?
1
Let r = -3 - -52. Suppose 0 = x + 3*a - 8*a - r, 0 = 3*x - 5*a - 117. What is the tens digit of x?
3
Let d = -14 + 28. Suppose -30 = -d*a + 9*a. What is the units digit of a?
6
Let s(w) = 4*w + 2*w**2 + 2*w - 4*w. Let v be s(-5). Suppose l - 2*l - 4 = -5*u, 2*u = -2*l + v. What is the units digit of l?
6
Let o = 16 + -15. What is the units digit of o/(4/(-8)) + 4?
2
Suppose 0 = 4*v - 23*v + 81890. What is the units digit of v?
0
Let n = -9 + 15. What is the units digit of (-44)/(-33)*(0 + n)?
8
Let f(a) = -a**2 - 6*a + 11. Let j be f(-8). Let x = j + 4. Let l(s) = 28*s**2 + 1. What is the tens digit of l(x)?
2
Let q be 7/(35/135) + 4. Suppose -113 = -k + q. What is the units digit of k?
4
Suppose 0 = -2*q - 3*q + 475. What is the tens digit of q?
9
Suppose -12*c + 25429 = 7669. What is the thousands digit of c?
1
What is the hundreds digit of -5*2/(-5) + 150?
1
Suppose 3*d + d = -3*x + 983, -3 = 3*d. What is the hundreds digit of x?
3
Let v(l) be the first derivative of l**2/2 + 10*l + 1. Let u be v(-5). Suppose -2*k = -s + k + 50, -5*s = -u*k - 210. What is the tens digit of s?
3
Let s be 0 - -2 - -2*2. Let q = s - 5. What is the units digit of 1 + 4 - 1/q?
4
Suppose 9*f - 125 = -3*i + 4*f, -2*i = f - 74. Let v be 24/(-1) - 0/2. Let n = i + v. What is the units digit of n?
1
Let h(f) = 11*f**2 - 3*f - 3. Suppose -2*x + 36 = 7*x. What is the hundreds digit of h(x)?
1
Suppose 3*b + 38 = -5*n, -3*n = 2*b + 19 + 8. Let f(x) = -x**2 - 22*x + 45. What is the units digit of f(b)?
6
Let z(p) = 20*p**2 - 2*p - 2. What is the hundreds digit of z(6)?
7
Let z(d) = -d**3 - 10*d**2 + 11*d + 4. Let y be z(-11). Suppose -8 = -y*k, 2*k + 3*k = 2*m + 2. Suppose v = -m*v + 150. What is the units digit of v?
0
Let n = 3 - 1. Let l = n - 18. Let r = l - -27. What is the units digit of r?
1
Let l(i) = -i**3 + 9*i**2 + 4. Let o(d) = -9*d. Let u be o(-1). Let m be l(u). Suppose w - 30 = -m*w. What is the units digit of w?
6
Let x(t) = -22*t - 7. Suppose 2*r = -5*r + 126. Suppose -5*w - r = w. What is the units digit of x(w)?
9
Suppose 111*k - 105*k - 3978 = 0. What is the units digit of k?
3
Let m(p) = -p**2 + 2*p - 1. Let k be m(1). Suppose -4*i + 0*i = k. Suppose 4*x = -3*z + 48, 12 = -i*x + 4*x. What is the units digit of z?
2
Let b be 6/((-4 + 3)*1). Let o be ((-24)/(-18))/(b/(-9)). Suppose o*f = -2*f + 80. What is the units digit of f?
0
Let f(g) = -3*g + 10. Let r be f(-10). Let v be 1104/r + 4/10. Let n = 41 - v. What is the tens digit of n?
1
Let q = -4800 + 9605. What is the hundreds digit of q?
8
Let c be ((-3)/(-2))/((-27)/(-36)). Suppose 0*i - c*i + 121 = 3*r, -2*i = -4*r + 138. What is the tens digit of r?
3
Suppose 4*w - w = 732. Suppose -3*j - 244 = -4*n, 3*j - w = -0*n - 4*n. What is the units digit of n?
1
Let b be 2/(-13) + (-548)/(-13). Suppose r - 36 = -2*j, 0 = -4*j - r + 34 + b. Suppose -n = 3*n - 3*d - j, 0 = -4*n - 5*d + 52. What is the units digit of n?
8
Suppose -3*b - 48 = b. Let p be (-2 - b)/(2/1). What is the tens digit of p/((-25)/10) + 44?
4
Let y(b) = 23*b**2 - 5. Let p be y(-4). Suppose 0 = 4*j - 8*j - 3*s + p, -2*j - 4*s + 194 = 0. What is the tens digit of j?
8
Let x = 2128 - 734. What is the thousands digit of x?
1
Suppose h - 19 = -17. What is the tens digit of (3/h)/(18/2424)?
0
Suppose 0 = -t - 15. What is the tens digit of -6*3*20/t?
2
Suppose -7*f - 72 = -562. Suppose x - f = -4*c, 2*x + 0*c - 118 = 3*c. What is the tens digit of x?
6
Let k be 140/(-30) + 4/6. Let m(t) = t**3 + 3*t**2 - 5*t - 1. Let j be m(k). Suppose 60 = 3*l + 3*d, -j*d + 3 = l - 11. What is the units digit of l?
3
Let j(w) be the third derivative of -w**6/15 - w**5/30 + w**4/8 + w**3/2 + 5*w**2. What is the tens digit of j(-2)?
5
Let n = 5206 + -3426. What is the tens digit of n?
8
Let f(g) = g**2 - 49. What is the tens digit of f(24)?
2
Suppose -107*x - 2613 = -110*x. What is the hundreds digit of x?
8
Let j = -90 - -144. Suppose -j = 11*o - 12*o. What is the tens digit of o?
5
Let v = 10 - 27. Suppose -4*m - 2*z = -140, 3*z - 4*z = -5*m + 175. Let s = m + v. What is the units digit of s?
8
Let o be (-2)/3*3*-16. Suppose 18*a = 23*a - 20. Suppose -a*p = 2*m - o, -2*m = 2*m + 3*p - 49. What is the units digit of m?
0
Let u(n) = -58*n. Let f be u(-1). Suppose -3 = k - f. What is the units digit of k?
5
Let d be 8/10 + (-29580)/(-150). Suppose 3*m - 5*s = 2*m + 9, 3*s - 5 = -2*m. What is the units digit of (d/m)/9*2?
1
Let j(c) = -3*c - 12. Let p be j(-8). Let h = p - 9. Suppose h = -3*n + 9. What is the units digit of n?
2
Suppose -6*u + 148 = -80. Suppose 0 = 4*g - 230 - u. What is the tens digit of g?
6
Suppose 4*l + 180 = -0*l. Let w be (8/10)/((-9)/l). Suppose s + b = -0*s + 6, 5*b = -w*s + 20. What is the units digit of s?
0
Let z = 3565 - 1706. What is the units digit of z?
9
Let x(v) = 6*v**2 + 4*v - 1. Let r(q) = -q**3 - 2*q**2 + q - 1. Let t be r(-2). What is the units digit of x(t)?
1
Let j(z) = -2*z**3 + 12*z**2 + z**3 + 2*z**2 - 9*z + 0 - 12. What is the tens digit of j(13)?
4
Suppose 0 = d - 18 - 26. Let u be d/(-8)*-2*1. Let k(z) = z + 6. What is the units digit of k(u)?
7
Let g(n) = -n**2 + 59*n - 19. What is the tens digit of g(20)?
6
Suppose -512 = -q + 559. What is the units digit of q?
1
Suppose 37119 = 75*d - 24306. What is the units digit of d?
9
Let k = -766 + 514. Let y = 389 + k. What is the tens digit of y?
3
Let f = 23 - 20. Suppose 9 = 2*u - 3*u - f*v, -3*u - 2*v - 6 = 0. Suppose u = -5*o + 12 + 38. What is the tens digit of o?
1
What is the tens digit of 36/(-21)*28/8 + 1933?
2
Suppose -4*s - 79 = 5. Let f(n) = -6*n - 4. Let t be f(-7). Let j = t + s. What is the tens digit of j?
1
Let y be 2 + (4/(-5))/((-2)/35). Suppose 4*s + y = 0, -a + 3*a = s + 294. What is the units digit of a?
5
Suppose -9 = -55*k + 52*k. Suppose -k*t = -2*n - 6*t + 230, 4*t + 137 = n. What is the tens digit of n?
2
Suppose 0 = 3*g + 13 + 14. Let h = g + 14. Suppose -3*b + 0*k + 51 = 3*k, -h*b + 61 = -k. What is the units digit of b?
3
Let f(q) = 11*q**2 - 2*q + 9. What is the hundreds digit of f(5)?
2
Let l(q) = -97*q**2. Let o be l(1). Let g = 35 - o. What is the units digit of g?
2
Suppose -3*h - 5*y = 4, 0*y - 5*y = h + 8. What is the tens digit of 274 + (5 - (h + 2))?
7
Let y = 432 - 133. What is the units digit of y?
9
Let o(c) be the second derivative of c**3/6 + 4*c**2 + c. Let v be o(7). Let r(m) = -m + 18. What is the units digit of r(v)?
3
Let l be ((-35)/14)/(2/28). Let z = -17 - l. Suppose z = 2*x - 26. What is the tens digit of x?
2
Let u(j) = -1242*j - 190. What is the hundreds digit of u(-4)?
7
Let m(y) = 191*y - 185*y - 4 + 3. What is the units digit of m(8)?
7
Suppose -88 = 2*w - 0*w. What is the units digit of (w/7)/(4/(-14))?
2
Let u(a) = -7*a**2 - 14*a + 4. Let w(k) = 6*k**2 + 13*k - 3. Let v(b) = -5*u(b) - 6*w(b). Let f be v(-4). Suppose 0 = -m + f + 6. What is the tens digit of m?
2
Let i = -145 + 856. What is the tens digit of i?
1
Let x(d) = -359*d + 735*d + 0 + 8 - d**2 - 366*d. Let n(l) = l**3 - l**2 - l + 5. Let w be n(0). What is the units digit of x(w)?
3
Let m = -453 + 2102. What is the thousands digit of m?
1
Let v = -188 + 81. What is the tens digit of v/(-2) + 3/(-2)?
5
Suppose 5*q + 4 - 14 = 0. Suppose -10*f = -q*f - 408. What is the units digit of f?
1
Let a(g) be the third derivative of g**6/120 - g**5/60 - g**4/8 + g**3/2 + 4*g**2. Let f be a(5). Suppose 4*m = -36 + f. What is the tens digit of m?
1
Let c(x) = 2*x**2 + 6*x + 41. What is the units digit of c(-22)?
7
Suppose -19*a = -4*a - 7935. What is the hundreds digit of a?
5
Suppose -3*y - 268 = -7*y. Suppose 3*t - 2*t - y = 0. Suppose 3*g + 42 = 3*n, -3*g = -4*n + t - 6. What is the tens digit of n?
1
Suppose -n - 7 = -0*n - 3*y, 0 = -2*n + 5*y - 13. Let b be 1/((-5)/n - 1). Let z = 15 - b. What is the units digit of z?
1
Suppose 3*l - 504 = 3*z, z + z + 336 = -4*l. Let s = 387 + z. What is the units digit of s?
9
Suppose 4*p = 38 + 22. Suppose k + p = -6. What is the units digit of k/2*8/(-12)?
7
Let t = 65 